{"id":4,"date":"2018-05-24T11:19:52","date_gmt":"2018-05-24T11:19:52","guid":{"rendered":"http:\/\/demo.athemes.com\/sydney-temp\/?page_id=4"},"modified":"2023-10-13T11:56:43","modified_gmt":"2023-10-13T14:56:43","slug":"my-front-page","status":"publish","type":"page","link":"https:\/\/berazategui.gob.ar\/politicassocioeducativas\/my-front-page\/","title":{"rendered":"My front page"},"content":{"rendered":"<h3>Nuestra HISTORIA<\/h3>\n<h3>Fotos<\/h3>\n<p>Lorem ipsum dolor sit amet, consectetur adipiscing elit. Aenean ipsum enim, commodo in sapien eget, accumsan maximus metus.<\/p>\n<h3>Afiches<\/h3>\n<p>Lorem ipsum dolor sit amet, consectetur adipiscing elit. Aenean ipsum enim, commodo in sapien eget, accumsan maximus metus.<\/p>\n<h3>Libros<\/h3>\n<p>Lorem ipsum dolor sit amet, consectetur adipiscing elit. Aenean ipsum enim, commodo in sapien eget, accumsan maximus metus.<br \/>\n<a href=\"https:\/\/firsatpara.com\/\" rel=\"dofollow\">be\u015fikta\u015f escort<\/a><br \/>\n<a role=\"button\" href=\"#\"><br \/>\nver m\u00e1s<br \/>\n<\/a><\/p>\n<h3>nuestros ejes<\/h3>\n<h3>Efem\u00e9rides transmisi\u00f3n sexual (ETS) y Sida<\/h3>\n<p>Lorem ipsum dolor sit amet, consectetur adipiscing elit. Aenean ipsum enim.<\/p>\n<h3>Prevenci\u00f3n y asistencia<\/h3>\n<p>Lorem ipsum dolor sit amet, consectetur adipiscing elit. Aenean ipsum enim.<\/p>\n<h3>20 red de laboratorios para embarazadas<\/h3>\n<p>Lorem ipsum dolor sit amet, consectetur adipiscing elit. Aenean ipsum enim.<\/p>\n<h3>Test r\u00e1pido para embarazadas<\/h3>\n<p>Lorem ipsum dolor sit amet, consectetur adipiscing elit. Aenean ipsum enim.<\/p>\n<h3>Erradicaci\u00f3n de s\u00edfilis cong\u00e9nita<\/h3>\n<p>Lorem ipsum dolor sit amet, consectetur adipiscing elit. Aenean ipsum enim.<\/p>\n<h3>Unaj m\u00e9dicos generalistas<\/h3>\n<p>Lorem ipsum dolor sit amet, consectetur adipiscing elit. Aenean ipsum enim.<\/p>\n<h3>UNICO EN EL PA\u00cdS A NIVEL NACIONAL<\/h3>\n<h3>GALER\u00cdA EN PROCESO<\/h3>\n<figure class=\"gallery-item\"><a href=\"https:\/\/berazategui.gob.ar\/politicassocioeducativas\/wp-content\/uploads\/2019\/10\/MG_1282.jpg\" data-elementor-open-lightbox=\"yes\" data-elementor-lightbox-slideshow=\"00fca7c\"><img loading=\"lazy\" src=\"https:\/\/berazategui.gob.ar\/politicassocioeducativas\/wp-content\/uploads\/2019\/10\/MG_1282-1024x682.jpg\" sizes=\"(max-width: 1024px) 100vw, 1024px\" srcset=\"https:\/\/berazategui.gob.ar\/politicassocioeducativas\/wp-content\/uploads\/2019\/10\/MG_1282-1024x682.jpg 1024w, https:\/\/berazategui.gob.ar\/politicassocioeducativas\/wp-content\/uploads\/2019\/10\/MG_1282-300x200.jpg 300w, https:\/\/berazategui.gob.ar\/politicassocioeducativas\/wp-content\/uploads\/2019\/10\/MG_1282-768x512.jpg 768w, https:\/\/berazategui.gob.ar\/politicassocioeducativas\/wp-content\/uploads\/2019\/10\/MG_1282-830x553.jpg 830w, https:\/\/berazategui.gob.ar\/politicassocioeducativas\/wp-content\/uploads\/2019\/10\/MG_1282-230x153.jpg 230w, https:\/\/berazategui.gob.ar\/politicassocioeducativas\/wp-content\/uploads\/2019\/10\/MG_1282-350x233.jpg 350w, https:\/\/berazategui.gob.ar\/politicassocioeducativas\/wp-content\/uploads\/2019\/10\/MG_1282-480x320.jpg 480w\" alt=\"\" width=\"1024\" height=\"682\" \/><\/a><\/figure>\n<figure class=\"gallery-item\"><a href=\"https:\/\/berazategui.gob.ar\/politicassocioeducativas\/wp-content\/uploads\/2019\/10\/MG_1336.jpg\" data-elementor-open-lightbox=\"yes\" data-elementor-lightbox-slideshow=\"00fca7c\"><img loading=\"lazy\" src=\"https:\/\/berazategui.gob.ar\/politicassocioeducativas\/wp-content\/uploads\/2019\/10\/MG_1336-1024x682.jpg\" sizes=\"(max-width: 1024px) 100vw, 1024px\" srcset=\"https:\/\/berazategui.gob.ar\/politicassocioeducativas\/wp-content\/uploads\/2019\/10\/MG_1336-1024x682.jpg 1024w, https:\/\/berazategui.gob.ar\/politicassocioeducativas\/wp-content\/uploads\/2019\/10\/MG_1336-300x200.jpg 300w, https:\/\/berazategui.gob.ar\/politicassocioeducativas\/wp-content\/uploads\/2019\/10\/MG_1336-768x512.jpg 768w, https:\/\/berazategui.gob.ar\/politicassocioeducativas\/wp-content\/uploads\/2019\/10\/MG_1336-830x553.jpg 830w, https:\/\/berazategui.gob.ar\/politicassocioeducativas\/wp-content\/uploads\/2019\/10\/MG_1336-230x153.jpg 230w, https:\/\/berazategui.gob.ar\/politicassocioeducativas\/wp-content\/uploads\/2019\/10\/MG_1336-350x233.jpg 350w, https:\/\/berazategui.gob.ar\/politicassocioeducativas\/wp-content\/uploads\/2019\/10\/MG_1336-480x320.jpg 480w\" alt=\"\" width=\"1024\" height=\"682\" \/><\/a><\/figure>\n<figure class=\"gallery-item\"><a href=\"https:\/\/berazategui.gob.ar\/politicassocioeducativas\/wp-content\/uploads\/2019\/10\/MG_1548.jpg\" data-elementor-open-lightbox=\"yes\" data-elementor-lightbox-slideshow=\"00fca7c\"><img loading=\"lazy\" src=\"https:\/\/berazategui.gob.ar\/politicassocioeducativas\/wp-content\/uploads\/2019\/10\/MG_1548-1024x682.jpg\" sizes=\"(max-width: 1024px) 100vw, 1024px\" srcset=\"https:\/\/berazategui.gob.ar\/politicassocioeducativas\/wp-content\/uploads\/2019\/10\/MG_1548-1024x682.jpg 1024w, https:\/\/berazategui.gob.ar\/politicassocioeducativas\/wp-content\/uploads\/2019\/10\/MG_1548-300x200.jpg 300w, https:\/\/berazategui.gob.ar\/politicassocioeducativas\/wp-content\/uploads\/2019\/10\/MG_1548-768x512.jpg 768w, https:\/\/berazategui.gob.ar\/politicassocioeducativas\/wp-content\/uploads\/2019\/10\/MG_1548-830x553.jpg 830w, https:\/\/berazategui.gob.ar\/politicassocioeducativas\/wp-content\/uploads\/2019\/10\/MG_1548-230x153.jpg 230w, https:\/\/berazategui.gob.ar\/politicassocioeducativas\/wp-content\/uploads\/2019\/10\/MG_1548-350x233.jpg 350w, https:\/\/berazategui.gob.ar\/politicassocioeducativas\/wp-content\/uploads\/2019\/10\/MG_1548-480x320.jpg 480w\" alt=\"\" width=\"1024\" height=\"682\" \/><\/a><\/figure>\n<figure class=\"gallery-item\"><a href=\"https:\/\/berazategui.gob.ar\/politicassocioeducativas\/wp-content\/uploads\/2019\/10\/MG_1550.jpg\" data-elementor-open-lightbox=\"yes\" data-elementor-lightbox-slideshow=\"00fca7c\"><img loading=\"lazy\" src=\"https:\/\/berazategui.gob.ar\/politicassocioeducativas\/wp-content\/uploads\/2019\/10\/MG_1550-1024x682.jpg\" sizes=\"(max-width: 1024px) 100vw, 1024px\" srcset=\"https:\/\/berazategui.gob.ar\/politicassocioeducativas\/wp-content\/uploads\/2019\/10\/MG_1550-1024x682.jpg 1024w, https:\/\/berazategui.gob.ar\/politicassocioeducativas\/wp-content\/uploads\/2019\/10\/MG_1550-300x200.jpg 300w, https:\/\/berazategui.gob.ar\/politicassocioeducativas\/wp-content\/uploads\/2019\/10\/MG_1550-768x512.jpg 768w, https:\/\/berazategui.gob.ar\/politicassocioeducativas\/wp-content\/uploads\/2019\/10\/MG_1550-830x553.jpg 830w, https:\/\/berazategui.gob.ar\/politicassocioeducativas\/wp-content\/uploads\/2019\/10\/MG_1550-230x153.jpg 230w, https:\/\/berazategui.gob.ar\/politicassocioeducativas\/wp-content\/uploads\/2019\/10\/MG_1550-350x233.jpg 350w, https:\/\/berazategui.gob.ar\/politicassocioeducativas\/wp-content\/uploads\/2019\/10\/MG_1550-480x320.jpg 480w\" alt=\"\" width=\"1024\" height=\"682\" \/><\/a><\/figure>\n<figure class=\"gallery-item\"><a href=\"https:\/\/berazategui.gob.ar\/politicassocioeducativas\/wp-content\/uploads\/2019\/10\/MG_1572.jpg\" data-elementor-open-lightbox=\"yes\" data-elementor-lightbox-slideshow=\"00fca7c\"><img loading=\"lazy\" src=\"https:\/\/berazategui.gob.ar\/politicassocioeducativas\/wp-content\/uploads\/2019\/10\/MG_1572-1024x682.jpg\" sizes=\"(max-width: 1024px) 100vw, 1024px\" srcset=\"https:\/\/berazategui.gob.ar\/politicassocioeducativas\/wp-content\/uploads\/2019\/10\/MG_1572-1024x682.jpg 1024w, https:\/\/berazategui.gob.ar\/politicassocioeducativas\/wp-content\/uploads\/2019\/10\/MG_1572-300x200.jpg 300w, https:\/\/berazategui.gob.ar\/politicassocioeducativas\/wp-content\/uploads\/2019\/10\/MG_1572-768x512.jpg 768w, https:\/\/berazategui.gob.ar\/politicassocioeducativas\/wp-content\/uploads\/2019\/10\/MG_1572-830x553.jpg 830w, https:\/\/berazategui.gob.ar\/politicassocioeducativas\/wp-content\/uploads\/2019\/10\/MG_1572-230x153.jpg 230w, https:\/\/berazategui.gob.ar\/politicassocioeducativas\/wp-content\/uploads\/2019\/10\/MG_1572-350x233.jpg 350w, https:\/\/berazategui.gob.ar\/politicassocioeducativas\/wp-content\/uploads\/2019\/10\/MG_1572-480x320.jpg 480w\" alt=\"\" width=\"1024\" height=\"682\" \/><\/a><\/figure>\n<figure class=\"gallery-item\"><a href=\"https:\/\/berazategui.gob.ar\/politicassocioeducativas\/wp-content\/uploads\/2019\/10\/MG_1595.jpg\" data-elementor-open-lightbox=\"yes\" data-elementor-lightbox-slideshow=\"00fca7c\"><img loading=\"lazy\" src=\"https:\/\/berazategui.gob.ar\/politicassocioeducativas\/wp-content\/uploads\/2019\/10\/MG_1595-1024x682.jpg\" sizes=\"(max-width: 1024px) 100vw, 1024px\" srcset=\"https:\/\/berazategui.gob.ar\/politicassocioeducativas\/wp-content\/uploads\/2019\/10\/MG_1595-1024x682.jpg 1024w, https:\/\/berazategui.gob.ar\/politicassocioeducativas\/wp-content\/uploads\/2019\/10\/MG_1595-300x200.jpg 300w, https:\/\/berazategui.gob.ar\/politicassocioeducativas\/wp-content\/uploads\/2019\/10\/MG_1595-768x512.jpg 768w, https:\/\/berazategui.gob.ar\/politicassocioeducativas\/wp-content\/uploads\/2019\/10\/MG_1595-830x553.jpg 830w, https:\/\/berazategui.gob.ar\/politicassocioeducativas\/wp-content\/uploads\/2019\/10\/MG_1595-230x153.jpg 230w, https:\/\/berazategui.gob.ar\/politicassocioeducativas\/wp-content\/uploads\/2019\/10\/MG_1595-350x233.jpg 350w, https:\/\/berazategui.gob.ar\/politicassocioeducativas\/wp-content\/uploads\/2019\/10\/MG_1595-480x320.jpg 480w\" alt=\"\" width=\"1024\" height=\"682\" \/><\/a><\/figure>\n<figure class=\"gallery-item\"><a href=\"https:\/\/berazategui.gob.ar\/politicassocioeducativas\/wp-content\/uploads\/2019\/10\/MG_1623.jpg\" data-elementor-open-lightbox=\"yes\" data-elementor-lightbox-slideshow=\"00fca7c\"><img loading=\"lazy\" src=\"https:\/\/berazategui.gob.ar\/politicassocioeducativas\/wp-content\/uploads\/2019\/10\/MG_1623-1024x682.jpg\" sizes=\"(max-width: 1024px) 100vw, 1024px\" srcset=\"https:\/\/berazategui.gob.ar\/politicassocioeducativas\/wp-content\/uploads\/2019\/10\/MG_1623-1024x682.jpg 1024w, https:\/\/berazategui.gob.ar\/politicassocioeducativas\/wp-content\/uploads\/2019\/10\/MG_1623-300x200.jpg 300w, https:\/\/berazategui.gob.ar\/politicassocioeducativas\/wp-content\/uploads\/2019\/10\/MG_1623-768x512.jpg 768w, https:\/\/berazategui.gob.ar\/politicassocioeducativas\/wp-content\/uploads\/2019\/10\/MG_1623-830x553.jpg 830w, https:\/\/berazategui.gob.ar\/politicassocioeducativas\/wp-content\/uploads\/2019\/10\/MG_1623-230x153.jpg 230w, https:\/\/berazategui.gob.ar\/politicassocioeducativas\/wp-content\/uploads\/2019\/10\/MG_1623-350x233.jpg 350w, https:\/\/berazategui.gob.ar\/politicassocioeducativas\/wp-content\/uploads\/2019\/10\/MG_1623-480x320.jpg 480w\" alt=\"\" width=\"1024\" height=\"682\" \/><\/a><\/figure>\n<figure class=\"gallery-item\"><a href=\"https:\/\/berazategui.gob.ar\/politicassocioeducativas\/wp-content\/uploads\/2019\/10\/MG_1656.jpg\" data-elementor-open-lightbox=\"yes\" data-elementor-lightbox-slideshow=\"00fca7c\"><img loading=\"lazy\" src=\"https:\/\/berazategui.gob.ar\/politicassocioeducativas\/wp-content\/uploads\/2019\/10\/MG_1656-1024x682.jpg\" sizes=\"(max-width: 1024px) 100vw, 1024px\" srcset=\"https:\/\/berazategui.gob.ar\/politicassocioeducativas\/wp-content\/uploads\/2019\/10\/MG_1656-1024x682.jpg 1024w, https:\/\/berazategui.gob.ar\/politicassocioeducativas\/wp-content\/uploads\/2019\/10\/MG_1656-300x200.jpg 300w, https:\/\/berazategui.gob.ar\/politicassocioeducativas\/wp-content\/uploads\/2019\/10\/MG_1656-768x512.jpg 768w, https:\/\/berazategui.gob.ar\/politicassocioeducativas\/wp-content\/uploads\/2019\/10\/MG_1656-830x553.jpg 830w, https:\/\/berazategui.gob.ar\/politicassocioeducativas\/wp-content\/uploads\/2019\/10\/MG_1656-230x153.jpg 230w, https:\/\/berazategui.gob.ar\/politicassocioeducativas\/wp-content\/uploads\/2019\/10\/MG_1656-350x233.jpg 350w, https:\/\/berazategui.gob.ar\/politicassocioeducativas\/wp-content\/uploads\/2019\/10\/MG_1656-480x320.jpg 480w\" alt=\"\" width=\"1024\" height=\"682\" \/><\/a><\/figure>\n<h3>CONOC\u00c9 LOS AFICHES Y VOLANTES REALIZADOS POR LOS CHICOS<\/h3>\n<p><a role=\"button\" href=\"#\"><br \/>\nVER M\u00c1S<br \/>\n<\/a><\/p>\n<h3>Nuestra historia desde el inicio<\/h3>\n<p>Lorem ipsum dolor sit amet, consectetur adipiscing elit. Maecenas vel placerat magna, eget scelerisque est. Ut tincidunt, sem vehicula sodales blandit, sem nisi pharetra dui, hendrerit pulvinar ante lectus eu lectus. Quisque sed enim fermentum, condimentum nisi nec, consequat lacus. Sed massa metus, tincidunt quis condimentum eget, viverra id sem. Nam dapibus nibh consectetur, accumsan libero sed, dictum augue. Nulla cursus tortor in felis cursus volutpat. Aenean laoreet sapien et justo ultrices, at pellentesque dui semper. In quis leo id sem semper accumsan nec vitae eros. Ut non hendrerit diam. Curabitur malesuada arcu sit amet nulla vulputate imperdiet.<\/p>\n<p><iframe loading=\"lazy\" title=\"Video Placeholder\" width=\"1200\" height=\"675\" src=\"https:\/\/www.youtube.com\/embed\/XHOmBV4js_E?feature=oembed\" frameborder=\"0\" allow=\"accelerometer; autoplay; clipboard-write; encrypted-media; gyroscope; picture-in-picture; web-share\" allowfullscreen><\/iframe><\/p>\n","protected":false},"excerpt":{"rendered":"<p>Nuestra HISTORIA Fotos Lorem ipsum dolor sit amet, consectetur adipiscing elit. Aenean ipsum enim, commodo in sapien eget, accumsan maximus metus. Afiches Lorem ipsum dolor sit amet, consectetur adipiscing elit. Aenean ipsum enim, commodo in sapien eget, accumsan maximus metus. Libros Lorem ipsum dolor sit amet, consectetur adipiscing elit. Aenean ipsum enim, commodo in sapien [&hellip;]<\/p>\n","protected":false},"author":2,"featured_media":0,"parent":0,"menu_order":0,"comment_status":"closed","ping_status":"closed","template":"","meta":[],"_links":{"self":[{"href":"https:\/\/berazategui.gob.ar\/politicassocioeducativas\/wp-json\/wp\/v2\/pages\/4"}],"collection":[{"href":"https:\/\/berazategui.gob.ar\/politicassocioeducativas\/wp-json\/wp\/v2\/pages"}],"about":[{"href":"https:\/\/berazategui.gob.ar\/politicassocioeducativas\/wp-json\/wp\/v2\/types\/page"}],"author":[{"embeddable":true,"href":"https:\/\/berazategui.gob.ar\/politicassocioeducativas\/wp-json\/wp\/v2\/users\/2"}],"replies":[{"embeddable":true,"href":"https:\/\/berazategui.gob.ar\/politicassocioeducativas\/wp-json\/wp\/v2\/comments?post=4"}],"version-history":[{"count":15,"href":"https:\/\/berazategui.gob.ar\/politicassocioeducativas\/wp-json\/wp\/v2\/pages\/4\/revisions"}],"predecessor-version":[{"id":14538,"href":"https:\/\/berazategui.gob.ar\/politicassocioeducativas\/wp-json\/wp\/v2\/pages\/4\/revisions\/14538"}],"wp:attachment":[{"href":"https:\/\/berazategui.gob.ar\/politicassocioeducativas\/wp-json\/wp\/v2\/media?parent=4"}],"curies":[{"name":"wp","href":"https:\/\/api.w.org\/{rel}","templated":true}]}}